f 5691 and 901617?
813
What is the highest common factor of 12602 and 3?
1
What is the greatest common factor of 341969 and 3005?
601
Calculate the greatest common divisor of 269662 and 438.
146
Calculate the highest common divisor of 110 and 166.
2
Calculate the greatest common factor of 1590 and 8162.
106
Calculate the highest common factor of 13500 and 192.
12
What is the highest common divisor of 45 and 99455?
5
Calculate the greatest common factor of 39 and 76882.
13
Calculate the greatest common divisor of 688668 and 12.
12
Calculate the greatest common factor of 92160 and 128448.
576
Calculate the greatest common divisor of 51134 and 518.
74
What is the highest common factor of 151118 and 154?
22
Calculate the highest common divisor of 546938 and 70.
14
What is the highest common factor of 40 and 444000?
40
Calculate the greatest common divisor of 36478 and 368.
46
Calculate the highest common factor of 54144 and 504.
72
Calculate the highest common factor of 139016 and 56.
8
Calculate the greatest common factor of 8 and 383048.
8
What is the greatest common factor of 44503 and 12224?
191
Calculate the greatest common factor of 383717 and 1052.
263
What is the greatest common divisor of 1292 and 1992264?
1292
Calculate the greatest common divisor of 2106 and 16614.
234
What is the greatest common factor of 760 and 2077080?
760
Calculate the greatest common factor of 22169 and 119.
7
What is the greatest common factor of 23037 and 294?
21
What is the greatest common factor of 18480 and 3885?
105
What is the greatest common factor of 1964 and 1238793?
491
Calculate the highest common factor of 1064 and 3116.
76
What is the highest common factor of 520 and 12584?
104
Calculate the greatest common factor of 3322 and 891.
11
What is the highest common divisor of 6959 and 191?
1
Calculate the highest common divisor of 2820 and 3901.
47
What is the greatest common divisor of 1054745 and 965?
965
What is the greatest common factor of 391 and 186932?
17
Calculate the highest common factor of 178922 and 1370.
274
Calculate the highest common divisor of 694 and 6.
2
Calculate the highest common divisor of 129150 and 2214.
738
What is the highest common factor of 90 and 39834?
18
Calculate the greatest common factor of 4300 and 40.
20
What is the greatest common divisor of 35208 and 1141?
163
What is the highest common divisor of 336 and 31269?
21
What is the greatest common factor of 183300 and 300?
300
Calculate the greatest common factor of 76 and 3439.
19
What is the highest common divisor of 7 and 723947?
7
Calculate the greatest common factor of 267349 and 19.
19
Calculate the greatest common divisor of 9322 and 869.
79
What is the greatest common factor of 28348 and 1501?
19
Calculate the greatest common factor of 1767 and 107694.
93
Calculate the greatest common factor of 38236 and 14036.
484
Calculate the highest common factor of 140 and 2996.
28
Calculate the highest common factor of 4736 and 3968.
128
Calculate the highest common factor of 609 and 12054.
21
Calculate the greatest common factor of 46420 and 484.
44
What is the greatest common factor of 49680 and 405?
135
What is the greatest common factor of 5376 and 16828?
28
Calculate the greatest common divisor of 247 and 171551.
19
What is the greatest common factor of 478037 and 1645?
329
Calculate the greatest common factor of 207 and 6904.
1
Calculate the highest common divisor of 98854 and 921.
307
Calculate the greatest common factor of 7373 and 4234.
73
Calculate the highest common factor of 338613 and 1488.
93
Calculate the greatest common divisor of 930 and 590550.
930
What is the greatest common factor of 16992 and 127584?
288
What is the highest common factor of 282 and 11797?
47
Calculate the highest common divisor of 2168 and 8472.
8
Calculate the greatest common factor of 436 and 7303.
109
What is the greatest common divisor of 1048 and 25414?
262
Calculate the greatest common factor of 115 and 49864.
23
Calculate the highest common factor of 207 and 49266.
207
What is the highest common divisor of 21137 and 115?
23
What is the greatest common factor of 412351 and 29?
29
Calculate the greatest common factor of 13317931 and 319.
319
What is the greatest common divisor of 14 and 9160522?
14
Calculate the highest common divisor of 4294 and 1292.
38
What is the greatest common factor of 1108 and 1506049?
277
Calculate the greatest common factor of 65 and 352235.
65
Calculate the highest common divisor of 3260 and 282968.
652
Calculate the highest common factor of 1469350 and 10.
10
What is the highest common factor of 420 and 7770?
210
What is the greatest common divisor of 3910 and 2380?
170
Calculate the greatest common factor of 2200 and 75800.
200
Calculate the highest common factor of 23914 and 66.
22
Calculate the highest common divisor of 5162 and 1335.
89
Calculate the greatest common divisor of 6459 and 153.
3
Calculate the highest common divisor of 336 and 9436.
28
Calculate the highest common divisor of 6617685 and 15.
15
What is the highest common divisor of 264 and 7512?
24
What is the highest common factor of 270 and 2880?
90
Calculate the greatest common factor of 16 and 704144.
16
What is the greatest common factor of 16536 and 19968?
312
Calculate the highest common divisor of 2720 and 1520.
80
Calculate the highest common factor of 488 and 1304.
8
What is the greatest common factor of 1644 and 441962?
274
What is the greatest common divisor of 616 and 88256?
56
Calculate the greatest common factor of 1086 and 2820.
6
Calculate the highest common divisor of 40 and 20810.
10
Calculate the highest common factor of 4050 and 1925.
25
What is the greatest common factor of 104302 and 550?
22
Calculate the greatest common divisor of 1763 and 7181.
43
Calculate the greatest common divisor of 103 and 140801.
103
What is the highest common divisor of 15 and 4292115?
15
Calculate the highest common factor of 987 and 149601.
141
Calculate the highest common divisor of 57 and 114361.
19
Calculate the greatest common factor of 28 and 153636.
28
Calculate the highest common factor of 2768 and 28026.
346
Calculate the highest common factor of 144 and 4096.
16
What is the highest common divisor of 406 and 1701343?
203
Calculate the highest common factor of 171 and 20043.
9
Calculate the highest common divisor of 1027664 and 176.
176
What is the greatest common factor of 1828120 and 16?
8
Calculate the greatest common factor of 1275929 and 3647.
521
What is the greatest common divisor of 860 and 3500?
20
What is the greatest common factor of 1691 and 14117?
19
Calculate the highest common factor of 78032 and 64.
16
What is the greatest common divisor of 6125 and 1568?
49
Calculate the highest common factor of 46350 and 2884.
206
Calculate the highest common divisor of 154 and 1812426.
154
Calculate the highest common divisor of 12 and 151428.
12
What is the highest common factor of 42744 and 936?
312
What is the highest common factor of 753 and 127006?
251
What is the greatest common factor of 146250 and 630?
90
Calculate the highest common factor of 35519 and 110.
11
Calculate the greatest common divisor of 19918 and 6062.
866
What is the greatest common divisor of 78 and 215384?
26
What is the greatest common factor of 1712265 and 15?
15
What is the greatest common factor of 18 and 1302354?
18
Calculate the greatest common divisor of 135103 and 1618.
809
Calculate the highest common factor of 1404 and 9204.
156
Calculate the greatest common factor of 4325 and 825.
25
Calculate the greatest common divisor of 201 and 57821.
67
What is the highest common divisor of 7869 and 3483?
129
Calculate the highest common factor of 20 and 268405.
5
What is the highest common factor of 4479 and 141?
3
What is the greatest common divisor of 371983 and 381?
127
What is the highest common divisor of 4836 and 13728?
156
Calculate the greatest common factor of 15 and 138270.
15
Calculate the highest common factor of 11950 and 650.
50
Calculate the greatest common divisor of 788966 and 226.
226
Calculate the highest common divisor of 7332 and 4368.
156
What is the greatest common divisor of 1134 and 98?
14
Calculate the greatest common divisor of 38 and 149302.
38
What is the greatest comm